culate the remainder when 136198 is divided by 530.
518
What is the remainder when 131158 is divided by 129?
94
What is the remainder when 112892 is divided by 38?
32
What is the remainder when 2934 is divided by 266?
8
Calculate the remainder when 49796 is divided by 415.
411
What is the remainder when 1902 is divided by 312?
30
What is the remainder when 2146 is divided by 1430?
716
Calculate the remainder when 165084 is divided by 1232.
1228
Calculate the remainder when 6083 is divided by 2023.
14
Calculate the remainder when 18757 is divided by 97.
36
Calculate the remainder when 2684974 is divided by 786.
784
Calculate the remainder when 2611376 is divided by 10.
6
Calculate the remainder when 2573 is divided by 451.
318
What is the remainder when 6359 is divided by 242?
67
What is the remainder when 10978 is divided by 129?
13
What is the remainder when 1028 is divided by 960?
68
Calculate the remainder when 7784 is divided by 146.
46
What is the remainder when 187956 is divided by 2292?
12
What is the remainder when 3518 is divided by 505?
488
What is the remainder when 257183 is divided by 202?
37
What is the remainder when 6399 is divided by 3195?
9
What is the remainder when 959148 is divided by 302?
298
Calculate the remainder when 2181 is divided by 12.
9
What is the remainder when 165056 is divided by 55009?
29
What is the remainder when 29329 is divided by 14663?
3
Calculate the remainder when 6484 is divided by 383.
356
Calculate the remainder when 69308 is divided by 456.
452
Calculate the remainder when 802 is divided by 712.
90
What is the remainder when 11641 is divided by 684?
13
What is the remainder when 184445 is divided by 128?
125
Calculate the remainder when 22472 is divided by 13.
8
What is the remainder when 326635 is divided by 240?
235
Calculate the remainder when 11615053 is divided by 869.
868
What is the remainder when 13029 is divided by 83?
81
Calculate the remainder when 4174 is divided by 695.
4
Calculate the remainder when 48622 is divided by 50.
22
What is the remainder when 2854737 is divided by 735?
732
Calculate the remainder when 1805681 is divided by 92.
89
Calculate the remainder when 88 is divided by 50.
38
What is the remainder when 136516 is divided by 1625?
16
Calculate the remainder when 134 is divided by 35.
29
What is the remainder when 30568 is divided by 52?
44
Calculate the remainder when 1256 is divided by 917.
339
Calculate the remainder when 61060 is divided by 91.
90
What is the remainder when 6106 is divided by 1014?
22
What is the remainder when 6113 is divided by 1995?
128
What is the remainder when 1144 is divided by 1100?
44
Calculate the remainder when 2710 is divided by 371.
113
Calculate the remainder when 4548 is divided by 68.
60
What is the remainder when 27475 is divided by 382?
353
What is the remainder when 5346 is divided by 327?
114
What is the remainder when 53706 is divided by 24?
18
Calculate the remainder when 63264 is divided by 111.
105
Calculate the remainder when 698 is divided by 54.
50
Calculate the remainder when 6697 is divided by 1111.
31
Calculate the remainder when 22525 is divided by 19.
10
Calculate the remainder when 13309 is divided by 19.
9
Calculate the remainder when 701 is divided by 57.
17
Calculate the remainder when 10524 is divided by 210.
24
Calculate the remainder when 69731 is divided by 7.
4
Calculate the remainder when 16150 is divided by 82.
78
Calculate the remainder when 65143 is divided by 63.
1
What is the remainder when 8102 is divided by 15?
2
Calculate the remainder when 218804 is divided by 8752.
4
Calculate the remainder when 27555 is divided by 765.
15
What is the remainder when 8634 is divided by 18?
12
Calculate the remainder when 6158 is divided by 2954.
250
What is the remainder when 782771 is divided by 525?
521
What is the remainder when 59361 is divided by 6?
3
What is the remainder when 8237 is divided by 10?
7
What is the remainder when 119264 is divided by 5679?
5
Calculate the remainder when 16170 is divided by 368.
346
Calculate the remainder when 48754 is divided by 1303.
543
Calculate the remainder when 19161 is divided by 3817.
76
Calculate the remainder when 26133 is divided by 108.
105
What is the remainder when 4164 is divided by 710?
614
What is the remainder when 102128 is divided by 229?
223
Calculate the remainder when 24552 is divided by 41.
34
What is the remainder when 185620 is divided by 11601?
4
What is the remainder when 14910 is divided by 1065?
0
What is the remainder when 495238 is divided by 60?
58
Calculate the remainder when 30221 is divided by 7553.
9
What is the remainder when 11228 is divided by 5583?
62
What is the remainder when 3724 is divided by 285?
19
Calculate the remainder when 50331 is divided by 7190.
1
Calculate the remainder when 4436 is divided by 223.
199
Calculate the remainder when 868489 is divided by 19.
18
Calculate the remainder when 776 is divided by 257.
5
Calculate the remainder when 13335 is divided by 12952.
383
Calculate the remainder when 7204 is divided by 120.
4
What is the remainder when 133350 is divided by 83?
52
What is the remainder when 3225 is divided by 503?
207
What is the remainder when 44395 is divided by 44385?
10
What is the remainder when 5101 is divided by 361?
47
Calculate the remainder when 1743 is divided by 296.
263
Calculate the remainder when 7560 is divided by 3744.
72
Calculate the remainder when 5984 is divided by 2937.
110
What is the remainder when 2614 is divided by 352?
150
Calculate the remainder when 1759 is divided by 250.
9
Calculate the remainder when 34931 is divided by 284.
283
Calculate the remainder when 184577 is divided by 747.
68
Calculate the remainder when 4597 is divided by 20.
17
Calculate the remainder when 32366 is divided by 1617.
26
What is the remainder when 46053 is divided by 349?
334
Calculate the remainder when 4644 is divided by 4.
0
What is the remainder when 195 is divided by 84?
27
What is the remainder when 6527 is divided by 2168?
23
Calculate the remainder when 902793 is divided by 150464.
9
What is the remainder when 8901 is divided by 2820?
441
What is the remainder when 1167 is divided by 13?
10
Calculate the remainder when 340824 is divided by 113598.
30
What is the remainder when 9236 is divided by 6?
2
What is the remainder when 262572 is divided by 396?
24
What is the remainder when 229837 is divided by 76603?
28
What is the remainder when 798 is divided by 291?
216
Calculate the remainder when 132329 is divided by 18.
11
Calculate the remainder when 6893 is divided by 141.
125
Calculate the remainder when 962 is divided by 853.
109
What is the remainder when 1545842 is divided by 358?
356
What is the remainder when 82363 is divided by 6335?
8
What is the remainder when 141684 is divided by 173?
170
What is the remainder when 219928 is divided by 15?
13
Calculate the remainder when 27655 is divided by 19.
10
Calculate the remainder when 1589885 is divided by 266.
3
What is the remainder when 310605 is divided by 72?
69
What is the remainder when 3980 is divided by 217?
74
What is the remainder when 40862 is divided by 475?
12
What is the remainder when 29647 is divided by 50?
47
Calculate the remainder when 2493653 is divided by 344.
341
What is the remainder when 1200 is divided by 51?
27
Calculate the remainder when 125677 is divided by 491.
472
Calculate the remainder when 10954 is divided by 14.
6
Calculate the remainder when 17297 is divided by 2468.
21
What is the remainder when 1627 is divided by 367?
159
What is the remainder when 492 is divided by 193?
106
What is the remainder when 16353 is divided by 4088?
1
What is the remainder when 15829 is divided by 78?
73
What is the remainder when 1501797 is divided by 150?
147
Calculate the remainder when 21144 is divided by 5280.
24
What is the remainder when 137480 is divided by 603?
599
What is the remainder when 43617 is divided by 12?
9
Calculate the remainder when 61465 is divided by 84.
61
What is the remainder when 7547 is divided by 81?
14
Calculate the remainder when 32319 is divided by 314.
291
What is the remainder when 207393 is divided by 1220?
1213
Calculate the remainder when 6618 is divided by 16.
10
What is the remainder 